240
Let d(m) = m**3 + 109*m**2 - 338*m - 218. Give d(-112).
6
Let d(t) = t**3 - 50*t**2 + 620*t - 15. Calculate d(27).
-42
Let y(b) = -12*b + 404. What is y(32)?
20
Let d(u) = -u**3 - 25*u**2 - 83*u + 5. Determine d(-4).
1
Let j(l) = -l**3 + 4*l**2 + 43*l + 40. Calculate j(9).
22
Let n(r) = 229*r - 10789. Give n(47).
-26
Let k(z) = 460*z + 1391. Calculate k(-3).
11
Let d(n) = n**3 + 35*n**2 + 7*n + 247. Calculate d(-35).
2
Let c(d) = 101*d + 707. What is c(-7)?
0
Let y(x) = -x**2 - 13*x + 615. Calculate y(-32).
7
Let q(s) = -5*s**2 - 121*s - 245. Calculate q(-22).
-3
Let h(s) = -2*s**3 - 109*s**2 - 157*s + 107. What is h(-53)?
1
Let z(j) = -j**3 + 126*j**2 - 496*j + 974. Calculate z(122).
-2
Let i(o) = -2*o**3 - 36*o**2 + 111*o - 8. Give i(-20).
-628
Let q(k) = k**2 + 15*k + 79. Give q(-11).
35
Let l(p) = -p**3 + 20*p**2 - 63*p - 27. Determine l(16).
-11
Let x(a) = 9*a**2 + 42*a + 2. What is x(-8)?
242
Let m(r) = -8*r + 226. Calculate m(26).
18
Let s(d) = d**3 + d**2 + 75*d + 465. What is s(-5)?
-10
Let b(z) = 2*z**2 + 424*z + 2463. Determine b(-6).
-9
Let z(t) = t**2 + 55*t + 764. Give z(-24).
20
Let i(n) = -n**2 + 2*n - 8. Determine i(2).
-8
Let m(n) = n**3 - 56*n**2 - 7*n - 532. Give m(56).
-924
Let y(t) = 2*t**3 + 15*t**2 + 13*t - 8. What is y(0)?
-8
Let v(g) = 13184*g - 79124. Determine v(6).
-20
Let o(m) = -2*m**3 + m**2 - 35*m - 68. Give o(-2).
22
Let l(k) = -5*k**3 - 29*k**2 + 3011*k + 18033. What is l(-6)?
3
Let k(a) = -2*a**3 + 90*a**2 - 93*a + 216. Determine k(44).
-4
Let t(o) = 27*o - 136. Give t(6).
26
Let p(j) = 13*j**2 - 37*j. Calculate p(4).
60
Let y(r) = r**2 + 67*r + 919. Calculate y(-48).
7
Let z(d) = -3*d**2 + 102*d - 89. Give z(33).
10
Let n(k) = 940*k - 103. Determine n(-1).
-1043
Let j(d) = -29*d + 499. Give j(19).
-52
Let l(v) = 4*v**2 - 342*v + 82. What is l(85)?
-88
Let x(n) = 3*n**3 - 11*n**2 + 100*n - 276. Give x(3).
6
Let x(q) = -q**3 + 28*q**2 - 25*q - 9. What is x(27)?
45
Let x(q) = 93*q + 661. Determine x(-6).
103
Let y(r) = -152*r + 3033. Calculate y(20).
-7
Let h(q) = 16*q - 155. Give h(23).
213
Let d(k) = -k**3 + 60*k**2 + 11*k - 672. Give d(60).
-12
Let t(x) = -7*x**2 - 86*x + 7. Determine t(-12).
31
Let r(q) = -276*q - 1973. Determine r(-7).
-41
Let i(g) = -g**2 + 7*g + 15. What is i(6)?
21
Let o(t) = -312*t - 3466. Calculate o(-11).
-34
Let u(k) = -5*k**2 - 126*k - 75. Calculate u(-24).
69
Let s(z) = 3*z**2 - 20*z + 14. What is s(3)?
-19
Let f(o) = -21*o**3 - 24*o**2 - 16*o + 6. What is f(-1)?
19
Let r(z) = -2*z**3 - 25*z**2 - 69*z + 12. Determine r(-8).
-12
Let v(a) = a**3 - a**2 + 16*a - 27. Determine v(0).
-27
Let r(s) = s**3 - 27*s**2 - 67*s + 179. Determine r(29).
-82
Let i(m) = -480*m - 3358. Give i(-7).
2
Let y(n) = -48*n + 278. What is y(5)?
38
Let r(p) = -65*p - 137. Determine r(-2).
-7
Let f(t) = -t**3 + 78*t**2 + 237*t - 6169. Give f(80).
-9
Let g(j) = 5*j**2 - 33*j - 136. What is g(0)?
-136
Let o(w) = -14*w**2 + 132*w - 128. Determine o(1).
-10
Let i(f) = -56*f**2 + 558*f + 24. Calculate i(10).
4
Let m(v) = -2*v**2 - 130*v + 1846. Give m(12).
-2
Let p(h) = -h**2 + 474*h + 6377. Determine p(-13).
46
Let u(z) = 5*z**2 - 182*z + 183. What is u(1)?
6
Let x(f) = -37*f + 417. What is x(12)?
-27
Let l(c) = -c**3 - 20*c**2 + 26*c - 395. What is l(-22)?
1
Let v(t) = t**3 + 18*t**2 - 6*t - 37. What is v(-18)?
71
Let n(c) = -8*c**2 - 137*c + 45. Give n(0).
45
Let o(d) = -647*d + 42032. Give o(65).
-23
Let s(x) = x**3 + 12*x**2 + 10*x - 4. Calculate s(-12).
-124
Let a(n) = -43*n**2 + 81*n + 1. Determine a(2).
-9
Let n(x) = 30*x**2 + 104*x + 4. Give n(-4).
68
Let d(m) = -43*m - 285. Determine d(-4).
-113
Let z(f) = -4*f**3 - 27*f**2 - 23*f - 60. Calculate z(-6).
-30
Let q(u) = -4*u**2 + 107*u - 72. Determine q(26).
6
Let f(z) = z**2 - 121*z - 1042. Determine f(-8).
-10
Let w(o) = -o**2 + 32*o + 99. Give w(35).
-6
Let p(g) = 41*g + 370. Give p(-5).
165
Let y(j) = j**2 + 80*j - 144. What is y(-82)?
20
Let p(v) = 2*v**3 + 114*v**2 - 5*v - 230. Give p(-57).
55
Let u(a) = 15*a + 874. Determine u(-47).
169
Let p(m) = -4*m**3 + 13*m**2 - 34*m + 176. Determine p(4).
-8
Let d(w) = 20*w**3 + 200*w**2 + 5*w + 27. What is d(-10)?
-23
Let j(d) = 4399*d - 140755. Determine j(32).
13
Let p(l) = -3548*l - 46125. What is p(-13)?
-1
Let p(j) = -125*j + 1737. Determine p(14).
-13
Let l(h) = 2*h**3 - 158*h**2 + 28*h - 2168. Give l(79).
44
Let v(h) = -55*h + 370. Determine v(9).
-125
Let a(y) = -3*y**3 - 196*y**2 + 1678*y - 69. Give a(-73).
4
Let d(i) = i**3 - 17*i**2 + 50*i - 304. What is d(15)?
-4
Let j(p) = -109*p**3 + 8*p**2 - 10*p + 2. Give j(1).
-109
Let d(t) = -23*t**2 + 138*t - 3. What is d(6)?
-3
Let p(b) = 487*b - 1928. What is p(4)?
20
Let f(z) = z**3 - 8*z**2 + 29*z + 14. Determine f(5).
84
Let l(h) = 5*h**2 + 153*h - 56. Calculate l(-31).
6
Let g(t) = -11*t**2 - 69*t + 30. Determine g(-7).
-26
Let j(q) = -4*q**3 + 4*q**2 - 34*q - 38. Determine j(-1).
4
Let c(s) = s**3 - 10*s**2 - 8*s - 13. Calculate c(12).
179
Let t(z) = -15*z + 519. Give t(41).
-96
Let r(g) = -g**3 + 111*g**2 + 464*g - 470. What is r(115)?
-10
Let c(v) = 2*v**2 + 1571*v - 6305. What is c(4)?
11
Let f(t) = 2*t**2 - 22*t + 13. Give f(8).
-35
Let s(f) = -f**3 + 43*f**2 + 43*f + 152. Calculate s(44).
108
Let s(j) = 2*j**2 + 9*j + 244. What is s(0)?
244
Let u(p) = -p**2 + 180*p + 733. Determine u(-4).
-3
Let j(p) = p**2 - 53*p + 301. Determine j(12).
-191
Let p(m) = 112*m - 11906. Give p(106).
-34
Let z(p) = -2*p**2 + 71*p + 12. Give z(35).
47
Let m(j) = 3*j**2 - 57*j + 239. Determine m(6).
5
Let c(f) = -92*f**2 - 23*f - 22. Calculate c(-1).
-91
Let p(z) = -z**2 - 27*z - 175. Give p(-15).
5
Let c(s) = 9*s + 84. Give c(-8).
12
Let p(b) = -1141*b - 28527. What is p(-25)?
-2
Let z(k) = 103*k - 21465. Calculate z(208).
-41
Let l(f) = -43*f - 177. Calculate l(-4).
-5
Let d(m) = -2*m - 83. Calculate d(9).
-101
Let w(m) = 31*m - 1024. Give w(35).
61
Let k(j) = j**3 - 33*j**2 + 20*j + 532. What is k(32)?
148
Let q(g) = 7*g**2 + 13*g + 2. Give q(-2).
4
Let h(t) = -4*t**3 + 81*t**2 - 96*t + 21. Give h(19).
2
Let s(u) = u**2 + 94*u - 18250. What is s(96)?
-10
Let j(l) = 5*l + 184. What is j(-11)?
129
Let x(m) = -m**3 + 60*m**2 + 59*m + 143. Determine x(61).
21
Let r(m) = m**2 + 4*m - 7498. Determine r(-88).
-106
Let q(m) = -125*m - 1492. Give q(-12).
8
Let i(f) = 120*f - 348. What is i(3)?
12
Let y(n) = -n**2 + 86*n - 250. Calculate y(3).
-1
Let y(g) = 2*g**2 - 42*g - 64. Give y(12).
-280
Let g(s) = -39*s**2 + 375*s + 29. Calculate g(10).
-121
Let x(q) = 107*q - 4835. Determine x(45).
-20
Let z(x) = -30*x + 57. What is z(-7)?
267
Let u(c) = -47*c - 245. Calculate u(-6).
37
Let k(q) = -q**3 - 19*q**2 + 292*q + 50. What is k(-29)?
-8
Let j(r) = -36*r + 1338. Determine j(36).
42
Let h(d) = -2*d**3 - 4*d**2 + 8*d + 6. Give h(-6).
246
Let y(l) = 93*l**2 - 40*l + 67. Determine y(2).
359
Let i(k) = k**3 + 27*k**2 + 164*k - 1. Give i(-17).
101
Let t(m) = -9*m - 135. Calculate t(-22).
63
Let u(i) = 4*i**2 + 4*i - 154. What is u(10)?
286
Let i(o) = 76*o + 14. Give i(2).
166
Let v(l) = 157*l + 3448. Calculate v(-22).
-6
Let c(r) = 64*r - 900. Determine c(14).
-4
Let c(r) = -12*r**2 - 589*r - 35. Calculate c(-49).
14
Let y(u) = -13*u**2 + 334*u + 111. Calculate y(26).
7
Let x(i) = i**2 - 90*i + 268. Calculate x(3).
7
Let a(p) = 4*p**2 - 189*p + 1826. Calculate a(14).
-36
Let w(i) = 1082*i + 2170. Calculate w(-2).
6
Let t(w) = -4*w**3 + w**2 + 22*w + 1. Give t(-4).
185
Let w(x) = x**3 + 25*x**2 + 118*x + 4. What is w(-6)?
-20
Let k(h) = h**3 + 9*h**2 - 16*h + 11. What is k(-10)?
71
Let c(w) = w**2 + 25*w + 131. What is c(-6)?
17
Let p(i) = -179*i + 3734. Give p(21).
-25
Let h(w) = -w**3 + 17*w**2 + 21*w - 60. Give h(18).
-6
Let p(o) = -66*o - 2039. Determine p(-31).
7
Let h(y) = 6*y**2 + 3*y - 9. Calculate h(-2).
9
Let w(s) = 4*s**2 - 33*s + 59. Calculate w(7).
24
Let u(h) = 2*h**2 + 64*h + 290. Calculate u(-27).
20
Let l(f) = -137*f**2 - 163*f - 20. Give l(-1).
6
Let k(q) = -3*q**2 - 167*q + 63. Calculate k(-56).
7
Let s(t) = 15*t - 43. Determine s(1).
-28
Let t(o) = 20*o**2 - 212*o - 119. Calculate t(11).
-31
Let r(p) = -24*p**2 + 446*p + 451. What is r(-1)?
-19
Let v(a) = 2*a**2 + 2*a - 87. What is v(6)?
-3
Let a(y) = 149*y**2 - 37*y - 36. Determine a(-1).
150
Let f(a